s divided by 264.
259
Calculate the remainder when 51223594 is divided by 41.
39
Calculate the remainder when 1832923 is divided by 2966.
2901
Calculate the remainder when 34773 is divided by 1253.
942
What is the remainder when 41535 is divided by 3877?
2765
Calculate the remainder when 38953234 is divided by 42.
40
What is the remainder when 9413950 is divided by 29?
28
Calculate the remainder when 248501 is divided by 5177.
5
Calculate the remainder when 3997584 is divided by 3997325.
259
What is the remainder when 78455 is divided by 76214?
2241
Calculate the remainder when 127660 is divided by 63824.
12
Calculate the remainder when 30254026 is divided by 79199.
8
Calculate the remainder when 165387 is divided by 35.
12
What is the remainder when 335678 is divided by 117?
5
What is the remainder when 31191 is divided by 472?
39
Calculate the remainder when 309119 is divided by 38478.
1295
Calculate the remainder when 356441501 is divided by 39604610.
11
Calculate the remainder when 11663886 is divided by 1060345.
91
What is the remainder when 1959853 is divided by 329?
0
Calculate the remainder when 555749 is divided by 2911.
2659
Calculate the remainder when 7910576 is divided by 7910569.
7
Calculate the remainder when 941076 is divided by 9047.
188
What is the remainder when 2811187 is divided by 897?
886
Calculate the remainder when 17536946 is divided by 598.
596
Calculate the remainder when 188023 is divided by 46647.
1435
Calculate the remainder when 17980 is divided by 57.
25
What is the remainder when 20028528 is divided by 4005705?
3
What is the remainder when 30747 is divided by 30736?
11
Calculate the remainder when 71407747 is divided by 3.
1
What is the remainder when 6929158 is divided by 339?
337
What is the remainder when 416480 is divided by 6823?
277
What is the remainder when 10359 is divided by 1461?
132
What is the remainder when 673478518 is divided by 1430?
1428
Calculate the remainder when 142543 is divided by 211.
118
Calculate the remainder when 7073347 is divided by 4091.
8
What is the remainder when 900594 is divided by 81872?
2
Calculate the remainder when 5358517 is divided by 1339621.
33
Calculate the remainder when 131186554 is divided by 473.
4
What is the remainder when 53809 is divided by 25984?
1841
What is the remainder when 15014893 is divided by 29?
27
What is the remainder when 280915 is divided by 90?
25
What is the remainder when 4658496 is divided by 10709?
81
What is the remainder when 2218290 is divided by 2907?
249
What is the remainder when 206243 is divided by 282?
101
What is the remainder when 1488944 is divided by 5282?
4702
Calculate the remainder when 100218 is divided by 814.
96
What is the remainder when 32050 is divided by 15857?
336
What is the remainder when 15461480 is divided by 6042?
2
What is the remainder when 88084 is divided by 43797?
490
Calculate the remainder when 27380 is divided by 2530.
2080
Calculate the remainder when 7797909 is divided by 33.
9
Calculate the remainder when 4132881 is divided by 409.
345
What is the remainder when 1343243 is divided by 30528?
11
Calculate the remainder when 222489 is divided by 1100.
289
Calculate the remainder when 2342598 is divided by 254.
210
Calculate the remainder when 5111000 is divided by 1042.
1032
What is the remainder when 98011647 is divided by 812?
811
Calculate the remainder when 222450 is divided by 797.
87
Calculate the remainder when 3315 is divided by 2874.
441
What is the remainder when 15051398 is divided by 341?
340
Calculate the remainder when 363108 is divided by 363087.
21
What is the remainder when 177220070 is divided by 29?
26
What is the remainder when 898939 is divided by 20?
19
Calculate the remainder when 17696657 is divided by 983145.
47
Calculate the remainder when 112565 is divided by 5360.
5
What is the remainder when 302710 is divided by 483?
352
Calculate the remainder when 362493 is divided by 90192.
1725
Calculate the remainder when 1068136 is divided by 2959.
2896
What is the remainder when 161875373 is divided by 17?
13
Calculate the remainder when 523985 is divided by 174451.
632
What is the remainder when 18341940 is divided by 1469?
6
Calculate the remainder when 7802 is divided by 460.
442
Calculate the remainder when 1323990 is divided by 245.
10
Calculate the remainder when 2089551 is divided by 53578.
9
Calculate the remainder when 159344 is divided by 39806.
120
What is the remainder when 69362 is divided by 606?
278
Calculate the remainder when 86410 is divided by 2509.
1104
What is the remainder when 13200892 is divided by 37?
32
Calculate the remainder when 55734526 is divided by 12550.
12526
Calculate the remainder when 5308730 is divided by 1495.
1480
What is the remainder when 15157748 is divided by 6934?
24
What is the remainder when 23272287 is divided by 387871?
27
What is the remainder when 3491570 is divided by 77?
5
Calculate the remainder when 17238869 is divided by 8619429.
11
Calculate the remainder when 58505 is divided by 8350.
55
What is the remainder when 589211 is divided by 2821?
2443
What is the remainder when 103258 is divided by 1955?
1598
Calculate the remainder when 12882553 is divided by 9708.
37
What is the remainder when 130671 is divided by 2376?
2367
Calculate the remainder when 60554 is divided by 1893.
1871
Calculate the remainder when 4585 is divided by 1524.
13
Calculate the remainder when 567886 is divided by 1219.
1051
Calculate the remainder when 87165 is divided by 2727.
2628
What is the remainder when 2558720 is divided by 478?
464
Calculate the remainder when 16964903 is divided by 8482444.
15
Calculate the remainder when 243014 is divided by 4673.
18
What is the remainder when 12582777 is divided by 449384?
25
Calculate the remainder when 11356720 is divided by 8999.
8981
Calculate the remainder when 329055 is divided by 118.
71
What is the remainder when 111202 is divided by 37?
17
Calculate the remainder when 2380499 is divided by 1190174.
151
What is the remainder when 541216 is divided by 71?
54
What is the remainder when 318776 is divided by 4712?
3072
What is the remainder when 13248195 is divided by 1292?
27
What is the remainder when 580315 is divided by 121?
120
What is the remainder when 500005 is divided by 2826?
2629
Calculate the remainder when 384182 is divided by 82.
12
What is the remainder when 2598284 is divided by 2008?
1940
Calculate the remainder when 128117625 is divided by 292.
289
What is the remainder when 426818 is divided by 142230?
128
Calculate the remainder when 38732 is divided by 3076.
1820
Calculate the remainder when 243135 is divided by 6274.
4723
Calculate the remainder when 28079662 is divided by 398.
364
Calculate the remainder when 15628086 is divided by 52.
6
What is the remainder when 608888 is divided by 26?
20
Calculate the remainder when 69155 is divided by 876.
827
Calculate the remainder when 20425083 is divided by 6.
3
Calculate the remainder when 450768532 is divided by 39.
19
What is the remainder when 667937 is divided by 28?
25
Calculate the remainder when 3391 is divided by 1330.
731
Calculate the remainder when 11903631 is divided by 582.
567
What is the remainder when 471748676 is divided by 38?
32
Calculate the remainder when 188943 is divided by 1173.
90
What is the remainder when 327041 is divided by 4548?
4133
Calculate the remainder when 139770 is divided by 345.
45
What is the remainder when 122610 is divided by 10088?
1554
Calculate the remainder when 1230492 is divided by 68332.
516
Calculate the remainder when 20698 is divided by 6892.
22
What is the remainder when 7563 is divided by 2236?
855
What is the remainder when 10648107 is divided by 1086?
963
Calculate the remainder when 1338948 is divided by 6199.
6163
Calculate the remainder when 7830218 is divided by 12370.
8
What is the remainder when 75311 is divided by 37533?
245
What is the remainder when 57165 is divided by 3170?
105
What is the remainder when 32253 is divided by 1199?
1079
Calculate the remainder when 215777 is divided by 42814.
1707
Calculate the remainder when 396934 is divided by 2480.
134
What is the remainder when 157903 is divided by 362?
71
What is the remainder when 12158440 is divided by 508?
476
Calc